{"id":391,"date":"2022-05-29T16:19:32","date_gmt":"2022-05-29T16:19:32","guid":{"rendered":"https:\/\/webmaraton.hu\/?page_id=391"},"modified":"2022-08-04T10:17:58","modified_gmt":"2022-08-04T10:17:58","slug":"csillagaszat","status":"publish","type":"page","link":"https:\/\/webmaraton.hu\/?page_id=391","title":{"rendered":"Csillag\u00e1szat"},"content":{"rendered":"\n<div class=\"wp-container-1 wp-block-group\">\n<figure class=\"wp-block-table\"><table class=\"has-background-color has-text-color has-background\" style=\"background:linear-gradient(0deg,rgb(1,1,1) 0%,rgb(248,255,125) 100%);border-style:none;border-width:0px\"><tbody><tr><td><a href=\"http:\/\/amatorcsillagaszat.hu\/\" target=\"_blank\" rel=\"noreferrer noopener\">Amat\u0151rcsillag\u00e1szat<\/a><\/td><\/tr><\/tbody><\/table><\/figure>\n\n\n\n<figure class=\"wp-block-table\"><table class=\"has-background-color has-text-color has-background\" style=\"background:linear-gradient(0deg,rgb(1,1,1) 0%,rgb(255,125,125) 100%);border-style:none;border-width:0px\"><tbody><tr><td><a href=\"http:\/\/www.bajaobs.hu\/bajaobs_start\/index.php?uid=74660&amp;cid=1&amp;parancs=item_lst_win&amp;sel=1\" target=\"_blank\" rel=\"noreferrer noopener\">Bajai Obszervat\u00f3rium<\/a><\/td><\/tr><\/tbody><\/table><\/figure>\n\n\n\n<figure class=\"wp-block-table\"><table class=\"has-background-color has-text-color has-background\" style=\"background:linear-gradient(0deg,rgb(1,1,1) 0%,rgb(125,193,255) 100%);border-style:none;border-width:0px\"><tbody><tr><td><a href=\"https:\/\/www.csillagaszat.hu\/\" target=\"_blank\" rel=\"noreferrer noopener\">Csillag\u00e1szati H\u00edrport\u00e1l<\/a><\/td><\/tr><\/tbody><\/table><\/figure>\n\n\n\n<figure class=\"wp-block-table\"><table class=\"has-background-color has-text-color has-background\" style=\"background:linear-gradient(0deg,rgb(1,1,1) 0%,rgb(212,125,255) 100%);border-style:none;border-width:0px\"><tbody><tr><td><a href=\"http:\/\/csillagpark.hu\/\" target=\"_blank\" rel=\"noreferrer noopener\">Csillagparkok<\/a><\/td><\/tr><\/tbody><\/table><\/figure>\n\n\n\n<figure class=\"wp-block-table\"><table class=\"has-background-color has-text-color has-background\" style=\"background:linear-gradient(0deg,rgb(1,1,1) 0%,rgb(203,255,125) 100%);border-style:none;border-width:0px\"><tbody><tr><td><a href=\"https:\/\/www.egricsillagvizsgalo.hu\/\" target=\"_blank\" rel=\"noreferrer noopener\">Egri Csillagvizsg\u00e1l\u00f3<\/a><\/td><\/tr><\/tbody><\/table><\/figure>\n\n\n\n<figure class=\"wp-block-table\"><table class=\"has-background-color has-text-color has-background\" style=\"background:linear-gradient(0deg,rgb(1,1,1) 0%,rgb(255,222,125) 100%);border-style:none;border-width:0px\"><tbody><tr><td><a href=\"https:\/\/www.gothard.hu\/\" target=\"_blank\" rel=\"noreferrer noopener\">Gothard Asztrofizikai Obszervat\u00f3rium<\/a><\/td><\/tr><\/tbody><\/table><\/figure>\n\n\n\n<figure class=\"wp-block-table\"><table class=\"has-background-color has-text-color has-background\" style=\"background:linear-gradient(0deg,rgb(1,1,1) 0%,rgb(252,255,125) 100%);border-style:none;border-width:0px\"><tbody><tr><td><a href=\"https:\/\/www.heavens-above.com\/\" target=\"_blank\" rel=\"noreferrer noopener\">Heavens Above<\/a><\/td><\/tr><\/tbody><\/table><\/figure>\n\n\n\n<figure class=\"wp-block-table\"><table class=\"has-background-color has-text-color has-background\" style=\"background:linear-gradient(0deg,rgb(1,1,1) 0%,rgb(255,125,152) 100%);border-style:none;border-width:0px\"><tbody><tr><td><a href=\"http:\/\/www.observatory.hu\/\" target=\"_blank\" rel=\"noreferrer noopener\">Hegyh\u00e1ti Csillagvizsg\u00e1l\u00f3<\/a><\/td><\/tr><\/tbody><\/table><\/figure>\n\n\n\n<figure class=\"wp-block-table\"><table class=\"has-background-color has-text-color has-background\" style=\"background:linear-gradient(0deg,rgb(1,1,1) 0%,rgb(255,125,249) 100%);border-style:none;border-width:0px\"><tbody><tr><td><a href=\"http:\/\/hollosiferenc.hu\/csillagaszat\/\" target=\"_blank\" rel=\"noreferrer noopener\">Holl\u00f3si Ferenc<\/a><\/td><\/tr><\/tbody><\/table><\/figure>\n\n\n\n<figure class=\"wp-block-table\"><table class=\"has-background-color has-text-color has-background\" style=\"background:linear-gradient(0deg,rgb(1,1,1) 0%,rgb(125,171,255) 100%);border-style:none;border-width:0px\"><tbody><tr><td><a href=\"http:\/\/saros139.hu\/\" target=\"_blank\" rel=\"noreferrer noopener\">Kaposv\u00e1ri Zolt\u00e1n<\/a><\/td><\/tr><\/tbody><\/table><\/figure>\n\n\n\n<figure class=\"wp-block-table\"><table class=\"has-background-color has-text-color has-background\" style=\"background:linear-gradient(0deg,rgb(1,1,1) 0%,rgb(125,255,202) 100%);border-style:none;border-width:0px\"><tbody><tr><td><a href=\"https:\/\/konkoly.hu\/index_hun.shtml\" target=\"_blank\" rel=\"noreferrer noopener\">Konkoly T. M Csillag\u00e1szati Int\u00e9zet<\/a><\/td><\/tr><\/tbody><\/table><\/figure>\n\n\n\n<figure class=\"wp-block-table\"><table class=\"has-background-color has-text-color has-background\" style=\"background:linear-gradient(0deg,rgb(1,1,1) 0%,rgb(255,245,125) 100%);border-style:none;border-width:0px\"><tbody><tr><td><a href=\"http:\/\/macsed.csillagpark.hu\/\" target=\"_blank\" rel=\"noreferrer noopener\">Magnitud\u00f3 Csillag\u00e1szati Egyes\u00fclet<\/a><\/td><\/tr><\/tbody><\/table><\/figure>\n\n\n\n<figure class=\"wp-block-table\"><table class=\"has-background-color has-text-color has-background\" style=\"background:linear-gradient(0deg,rgb(1,1,1) 0%,rgb(255,147,125) 100%);border-style:none;border-width:0px\"><tbody><tr><td><a href=\"https:\/\/www.mcse.hu\/\" target=\"_blank\" rel=\"noreferrer noopener\">Magyar Csillag\u00e1szati Egyes\u00fclet<\/a><\/td><\/tr><\/tbody><\/table><\/figure>\n\n\n\n<figure class=\"wp-block-table\"><table class=\"has-background-color has-text-color has-background\" style=\"background:linear-gradient(0deg,rgb(1,1,1) 0%,rgb(125,255,255) 100%);border-style:none;border-width:0px\"><tbody><tr><td><a href=\"https:\/\/dunaujvaros.mcse.hu\/\" target=\"_blank\" rel=\"noreferrer noopener\">MCSE Duna\u00fajv\u00e1rosi Csoport<\/a><\/td><\/tr><\/tbody><\/table><\/figure>\n\n\n\n<figure class=\"wp-block-table\"><table class=\"has-background-color has-text-color has-background\" style=\"background:linear-gradient(0deg,rgb(1,1,1) 0%,rgb(125,131,255) 100%);border-style:none;border-width:0px\"><tbody><tr><td><a href=\"https:\/\/amatorcsillagaszat.blogspot.com\/\" target=\"_blank\" rel=\"noreferrer noopener\">Nagy R\u00f3bert<\/a><\/td><\/tr><\/tbody><\/table><\/figure>\n\n\n\n<figure class=\"wp-block-table\"><table class=\"has-background-color has-text-color has-background\" style=\"background:linear-gradient(0deg,rgb(1,1,1) 0%,rgb(255,125,218) 100%);border-style:none;border-width:0px\"><tbody><tr><td><a href=\"https:\/\/nae.hu\/\" target=\"_blank\" rel=\"noreferrer noopener\">Nagykanizsi Amat\u0151rcsillag\u00e1sz Egyes\u00fclet<\/a><\/td><\/tr><\/tbody><\/table><\/figure>\n\n\n\n<figure class=\"wp-block-table\"><table class=\"has-background-color has-text-color has-background\" style=\"background:linear-gradient(0deg,rgb(1,1,1) 0%,rgb(255,249,125) 100%);border-style:none;border-width:0px\"><tbody><tr><td><a href=\"http:\/\/csillagda.net\/\" target=\"_blank\" rel=\"noreferrer noopener\">Pannon Csillagda<\/a><\/td><\/tr><\/tbody><\/table><\/figure>\n\n\n\n<figure class=\"wp-block-table\"><table class=\"has-background-color has-text-color has-background\" style=\"background:linear-gradient(0deg,rgb(1,1,1) 0%,rgb(255,125,125) 100%);border-style:none;border-width:0px\"><tbody><tr><td><a href=\"http:\/\/piszkesteto.konkoly.hu\/#home\" target=\"_blank\" rel=\"noreferrer noopener\">Piszk\u00e9stet\u0151i Obszervat\u00f3rium<\/a><\/td><\/tr><\/tbody><\/table><\/figure>\n\n\n\n<figure class=\"wp-block-table\"><table class=\"has-background-color has-text-color has-background\" style=\"background:linear-gradient(0deg,rgb(1,1,1) 0%,rgb(125,144,255) 100%);border-style:none;border-width:0px\"><tbody><tr><td><a href=\"https:\/\/skyandtelescope.org\/\" target=\"_blank\" rel=\"noreferrer noopener\">Sky &amp; Telescope<\/a><\/td><\/tr><\/tbody><\/table><\/figure>\n\n\n\n<figure class=\"wp-block-table\"><table class=\"has-background-color has-text-color has-background\" style=\"background:linear-gradient(0deg,rgb(1,1,1) 0%,rgb(125,255,149) 100%);border-style:none;border-width:0px\"><tbody><tr><td><a href=\"http:\/\/astro.u-szeged.hu\/\" target=\"_blank\" rel=\"noreferrer noopener\">Szegedi Csillagvizsg\u00e1l\u00f3<\/a><\/td><\/tr><\/tbody><\/table><\/figure>\n\n\n\n<figure class=\"wp-block-table\"><table class=\"has-background-color has-text-color has-background\" style=\"background:linear-gradient(0deg,rgb(1,1,1) 0%,rgb(243,255,125) 100%);border-style:none;border-width:0px\"><tbody><tr><td><a href=\"https:\/\/tudomanyplaza.hu\/univerzum\/\" target=\"_blank\" rel=\"noreferrer noopener\">Tudom\u00e1nypl\u00e1za<\/a><\/td><\/tr><\/tbody><\/table><\/figure>\n\n\n\n<figure class=\"wp-block-table\"><table class=\"has-background-color has-text-color has-background\" style=\"background:linear-gradient(0deg,rgb(1,1,1) 0%,rgb(217,125,255) 100%);border-style:none;border-width:0px\"><tbody><tr><td><a href=\"https:\/\/www.universetoday.com\/\" target=\"_blank\" rel=\"noreferrer noopener\">Universe Today<\/a><\/td><\/tr><\/tbody><\/table><\/figure>\n\n\n\n<figure class=\"wp-block-table\"><table class=\"has-background-color has-text-color has-background\" style=\"background:linear-gradient(0deg,rgb(1,1,1) 0%,rgb(125,233,255) 100%);border-style:none;border-width:0px\"><tbody><tr><td><a href=\"https:\/\/www.urvilag.hu\/\" target=\"_blank\" rel=\"noreferrer noopener\">\u0170rvil\u00e1g<\/a><\/td><\/tr><\/tbody><\/table><\/figure>\n\n\n\n<figure class=\"wp-block-table\"><table class=\"has-background-color has-text-color has-background\" style=\"background:linear-gradient(0deg,rgb(1,1,1) 0%,rgb(255,160,125) 100%);border-style:none;border-width:0px\"><tbody><tr><td><a href=\"http:\/\/vcse.hu\/\" target=\"_blank\" rel=\"noreferrer noopener\">Vega Csillag\u00e1szati Egyes\u00fclet<\/a><\/td><\/tr><\/tbody><\/table><\/figure>\n<\/div>\n\n\n\n<div class=\"wp-container-2 wp-block-group has-background-color has-foreground-background-color has-text-color has-background\" style=\"padding-top:20px;padding-right:0px;padding-bottom:20px;padding-left:0px\">\n<hr class=\"wp-block-separator is-style-wide\"\/>\n\n\n\n<p>webMaraton friss\u00edt\u0151pont<\/p>\n<\/div>\n\n\n\n<p><\/p>\n","protected":false},"excerpt":{"rendered":"<p>Amat\u0151rcsillag\u00e1szat Bajai Obszervat\u00f3rium Csillag\u00e1szati H\u00edrport\u00e1l Csillagparkok Egri Csillagvizsg\u00e1l\u00f3 Gothard Asztrofizikai Obszervat\u00f3rium Heavens Above Hegyh\u00e1ti Csillagvizsg\u00e1l\u00f3 Holl\u00f3si Ferenc Kaposv\u00e1ri Zolt\u00e1n Konkoly T. M Csillag\u00e1szati Int\u00e9zet Magnitud\u00f3 Csillag\u00e1szati Egyes\u00fclet Magyar Csillag\u00e1szati Egyes\u00fclet MCSE Duna\u00fajv\u00e1rosi Csoport Nagy R\u00f3bert Nagykanizsi Amat\u0151rcsillag\u00e1sz Egyes\u00fclet Pannon Csillagda Piszk\u00e9stet\u0151i Obszervat\u00f3rium Sky &amp; Telescope Szegedi Csillagvizsg\u00e1l\u00f3 Tudom\u00e1nypl\u00e1za Universe Today \u0170rvil\u00e1g Vega Csillag\u00e1szati Egyes\u00fclet<\/p>\n","protected":false},"author":1,"featured_media":0,"parent":0,"menu_order":0,"comment_status":"closed","ping_status":"closed","template":"wp-custom-template-web-maraton-oldal","meta":[],"yoast_head":"<!-- This site is optimized with the Yoast SEO plugin v20.6 - https:\/\/yoast.com\/wordpress\/plugins\/seo\/ -->\n<title>Csillag\u00e1szat - webMaraton<\/title>\n<meta name=\"robots\" content=\"index, follow, max-snippet:-1, max-image-preview:large, max-video-preview:-1\" \/>\n<link rel=\"canonical\" href=\"https:\/\/webmaraton.hu\/?page_id=391\" \/>\n<meta property=\"og:locale\" content=\"hu_HU\" \/>\n<meta property=\"og:type\" content=\"article\" \/>\n<meta property=\"og:title\" content=\"Csillag\u00e1szat - webMaraton\" \/>\n<meta property=\"og:description\" content=\"Amat\u0151rcsillag\u00e1szat Bajai Obszervat\u00f3rium Csillag\u00e1szati H\u00edrport\u00e1l Csillagparkok Egri Csillagvizsg\u00e1l\u00f3 Gothard Asztrofizikai Obszervat\u00f3rium Heavens Above Hegyh\u00e1ti Csillagvizsg\u00e1l\u00f3 Holl\u00f3si Ferenc Kaposv\u00e1ri Zolt\u00e1n Konkoly T. M Csillag\u00e1szati Int\u00e9zet Magnitud\u00f3 Csillag\u00e1szati Egyes\u00fclet Magyar Csillag\u00e1szati Egyes\u00fclet MCSE Duna\u00fajv\u00e1rosi Csoport Nagy R\u00f3bert Nagykanizsi Amat\u0151rcsillag\u00e1sz Egyes\u00fclet Pannon Csillagda Piszk\u00e9stet\u0151i Obszervat\u00f3rium Sky &amp; Telescope Szegedi Csillagvizsg\u00e1l\u00f3 Tudom\u00e1nypl\u00e1za Universe Today \u0170rvil\u00e1g Vega Csillag\u00e1szati Egyes\u00fclet\" \/>\n<meta property=\"og:url\" content=\"https:\/\/webmaraton.hu\/?page_id=391\" \/>\n<meta property=\"og:site_name\" content=\"webMaraton\" \/>\n<meta property=\"article:modified_time\" content=\"2022-08-04T10:17:58+00:00\" \/>\n<meta name=\"twitter:card\" content=\"summary_large_image\" \/>\n<meta name=\"twitter:label1\" content=\"Becs\u00fclt olvas\u00e1si id\u0151\" \/>\n\t<meta name=\"twitter:data1\" content=\"1 perc\" \/>\n<script type=\"application\/ld+json\" class=\"yoast-schema-graph\">{\"@context\":\"https:\/\/schema.org\",\"@graph\":[{\"@type\":\"WebPage\",\"@id\":\"https:\/\/webmaraton.hu\/?page_id=391\",\"url\":\"https:\/\/webmaraton.hu\/?page_id=391\",\"name\":\"Csillag\u00e1szat - webMaraton\",\"isPartOf\":{\"@id\":\"https:\/\/webmaraton.hu\/#website\"},\"datePublished\":\"2022-05-29T16:19:32+00:00\",\"dateModified\":\"2022-08-04T10:17:58+00:00\",\"breadcrumb\":{\"@id\":\"https:\/\/webmaraton.hu\/?page_id=391#breadcrumb\"},\"inLanguage\":\"hu\",\"potentialAction\":[{\"@type\":\"ReadAction\",\"target\":[\"https:\/\/webmaraton.hu\/?page_id=391\"]}]},{\"@type\":\"BreadcrumbList\",\"@id\":\"https:\/\/webmaraton.hu\/?page_id=391#breadcrumb\",\"itemListElement\":[{\"@type\":\"ListItem\",\"position\":1,\"name\":\"Kezd\u0151lap\",\"item\":\"https:\/\/webmaraton.hu\/\"},{\"@type\":\"ListItem\",\"position\":2,\"name\":\"Csillag\u00e1szat\"}]},{\"@type\":\"WebSite\",\"@id\":\"https:\/\/webmaraton.hu\/#website\",\"url\":\"https:\/\/webmaraton.hu\/\",\"name\":\"webMaraton\",\"description\":\"...a hossz\u00fa t\u00e1v kedvel\u0151inek!\",\"potentialAction\":[{\"@type\":\"SearchAction\",\"target\":{\"@type\":\"EntryPoint\",\"urlTemplate\":\"https:\/\/webmaraton.hu\/?s={search_term_string}\"},\"query-input\":\"required name=search_term_string\"}],\"inLanguage\":\"hu\"}]}<\/script>\n<!-- \/ Yoast SEO plugin. -->","yoast_head_json":{"title":"Csillag\u00e1szat - webMaraton","robots":{"index":"index","follow":"follow","max-snippet":"max-snippet:-1","max-image-preview":"max-image-preview:large","max-video-preview":"max-video-preview:-1"},"canonical":"https:\/\/webmaraton.hu\/?page_id=391","og_locale":"hu_HU","og_type":"article","og_title":"Csillag\u00e1szat - webMaraton","og_description":"Amat\u0151rcsillag\u00e1szat Bajai Obszervat\u00f3rium Csillag\u00e1szati H\u00edrport\u00e1l Csillagparkok Egri Csillagvizsg\u00e1l\u00f3 Gothard Asztrofizikai Obszervat\u00f3rium Heavens Above Hegyh\u00e1ti Csillagvizsg\u00e1l\u00f3 Holl\u00f3si Ferenc Kaposv\u00e1ri Zolt\u00e1n Konkoly T. M Csillag\u00e1szati Int\u00e9zet Magnitud\u00f3 Csillag\u00e1szati Egyes\u00fclet Magyar Csillag\u00e1szati Egyes\u00fclet MCSE Duna\u00fajv\u00e1rosi Csoport Nagy R\u00f3bert Nagykanizsi Amat\u0151rcsillag\u00e1sz Egyes\u00fclet Pannon Csillagda Piszk\u00e9stet\u0151i Obszervat\u00f3rium Sky &amp; Telescope Szegedi Csillagvizsg\u00e1l\u00f3 Tudom\u00e1nypl\u00e1za Universe Today \u0170rvil\u00e1g Vega Csillag\u00e1szati Egyes\u00fclet","og_url":"https:\/\/webmaraton.hu\/?page_id=391","og_site_name":"webMaraton","article_modified_time":"2022-08-04T10:17:58+00:00","twitter_card":"summary_large_image","twitter_misc":{"Becs\u00fclt olvas\u00e1si id\u0151":"1 perc"},"schema":{"@context":"https:\/\/schema.org","@graph":[{"@type":"WebPage","@id":"https:\/\/webmaraton.hu\/?page_id=391","url":"https:\/\/webmaraton.hu\/?page_id=391","name":"Csillag\u00e1szat - webMaraton","isPartOf":{"@id":"https:\/\/webmaraton.hu\/#website"},"datePublished":"2022-05-29T16:19:32+00:00","dateModified":"2022-08-04T10:17:58+00:00","breadcrumb":{"@id":"https:\/\/webmaraton.hu\/?page_id=391#breadcrumb"},"inLanguage":"hu","potentialAction":[{"@type":"ReadAction","target":["https:\/\/webmaraton.hu\/?page_id=391"]}]},{"@type":"BreadcrumbList","@id":"https:\/\/webmaraton.hu\/?page_id=391#breadcrumb","itemListElement":[{"@type":"ListItem","position":1,"name":"Kezd\u0151lap","item":"https:\/\/webmaraton.hu\/"},{"@type":"ListItem","position":2,"name":"Csillag\u00e1szat"}]},{"@type":"WebSite","@id":"https:\/\/webmaraton.hu\/#website","url":"https:\/\/webmaraton.hu\/","name":"webMaraton","description":"...a hossz\u00fa t\u00e1v kedvel\u0151inek!","potentialAction":[{"@type":"SearchAction","target":{"@type":"EntryPoint","urlTemplate":"https:\/\/webmaraton.hu\/?s={search_term_string}"},"query-input":"required name=search_term_string"}],"inLanguage":"hu"}]}},"_links":{"self":[{"href":"https:\/\/webmaraton.hu\/index.php?rest_route=\/wp\/v2\/pages\/391"}],"collection":[{"href":"https:\/\/webmaraton.hu\/index.php?rest_route=\/wp\/v2\/pages"}],"about":[{"href":"https:\/\/webmaraton.hu\/index.php?rest_route=\/wp\/v2\/types\/page"}],"author":[{"embeddable":true,"href":"https:\/\/webmaraton.hu\/index.php?rest_route=\/wp\/v2\/users\/1"}],"replies":[{"embeddable":true,"href":"https:\/\/webmaraton.hu\/index.php?rest_route=%2Fwp%2Fv2%2Fcomments&post=391"}],"version-history":[{"count":28,"href":"https:\/\/webmaraton.hu\/index.php?rest_route=\/wp\/v2\/pages\/391\/revisions"}],"predecessor-version":[{"id":492,"href":"https:\/\/webmaraton.hu\/index.php?rest_route=\/wp\/v2\/pages\/391\/revisions\/492"}],"wp:attachment":[{"href":"https:\/\/webmaraton.hu\/index.php?rest_route=%2Fwp%2Fv2%2Fmedia&parent=391"}],"curies":[{"name":"wp","href":"https:\/\/api.w.org\/{rel}","templated":true}]}}